s = g - 14. What are the prime factors of s?
3, 5
Suppose -y + 12 = -5*y - 4*i, -4*y - 2*i - 6 = 0. Suppose 0 = 2*o + o - 4*m - 41, -5*m - 25 = y. What are the prime factors of o?
7
Let w(s) be the first derivative of s**3/3 + 9*s**2/2 + 6*s - 1. What are the prime factors of w(-10)?
2
Let c(t) = -t**2 + 10*t - 7. Let i be c(9). Suppose 5*a + 33 = 6*h - 4*h, -2*h + 24 = -i*a. What are the prime factors of h?
3
Let n be 2/(-1) - (38 - -2). Let a = -19 - n. List the prime factors of a.
23
Let t be 478/7 - (-4)/(-14). What are the prime factors of 2/7 - t/(-7)?
2, 5
Let s(o) = o**2 - 8*o + 5. Let p be s(5). List the prime factors of 3/5 - 94/p.
2, 5
Suppose 4*u - 6 = u. Suppose 0 = 2*p - 3*p + a - u, 0 = 5*p - 2*a - 2. Suppose -p*j = j - 24. List the prime factors of j.
2
Let k be -1 + 3/(-2)*-2. List the prime factors of (k/(-6))/(1/(-63)).
3, 7
Suppose 5*r = 5 + 15. Suppose -20 = -r*q + 36. What are the prime factors of q?
2, 7
Let i be 104/28 + 2/7. Suppose i*b - 56 = 24. Suppose -k = k - b. List the prime factors of k.
2, 5
Suppose v + 100 - 41 = 2*g, 5*g - 125 = -2*v. Suppose 3*a = g - 3. List the prime factors of a.
2
Let f(p) = p**2 - 8*p + 10. Let m be f(6). List the prime factors of -1 + m - (-232)/8.
2, 13
What are the prime factors of (-782)/(-15) + 2/(-15)?
2, 13
Suppose -3*f + 32 = -2*f + 3*x, 3*f + 2*x - 117 = 0. List the prime factors of f.
41
Suppose -3*k = -5*s - 6*k + 191, 4*s + 2*k = 154. List the prime factors of s.
2, 5
Suppose 7*s - 37 - 61 = 0. List the prime factors of s.
2, 7
Let c be -1 - (-3)/((-6)/(-4)). Let p(g) = 2*g**2 - 2*g. Let m be p(3). List the prime factors of (c + 0/3)*m.
2, 3
Let h(p) be the second derivative of -p**3 - 4*p**2 + 7*p. List the prime factors of h(-5).
2, 11
Let f = 14 + -30. Let u(d) = 3*d**2 - d - 5. Let g be u(4). Let y = g + f. List the prime factors of y.
23
What are the prime factors of (-2 + 75/(-2))/(2/(-4))?
79
Let g = 18 + -1. Let x = -7 + g. List the prime factors of x.
2, 5
Suppose 3*d + d = 5*c - 26, 5*d + 10 = -5*c. Let t = 5 - c. What are the prime factors of t?
3
Let d = 12 + 50. What are the prime factors of d?
2, 31
Let t(w) be the second derivative of w**4/12 - w**3/2 + 3*w**2/2 - 2*w. List the prime factors of t(5).
13
Suppose 7*k + 4 = 8*k. Suppose -3*n - 13 = -73. Suppose k*c = -c + n. List the prime factors of c.
2
Suppose 6*m + 160 = 556. What are the prime factors of m?
2, 3, 11
Suppose 0 = -4*z - 18 - 18. Let s(k) = k + 12. Let p be s(z). Suppose 5*x - 73 = 2*v, -p*x + v - 48 = -7*x. What are the prime factors of x?
13
Let w = -30 + 57. Let k = w + -11. List the prime factors of k.
2
Suppose 0 = 4*d + 5*m - 369, -5*d - 4*m = -185 - 274. Let g = -58 + d. What are the prime factors of g?
3, 11
Let j(g) = -g**3 + 6*g**2 + 7*g + 3. Let m be j(7). Suppose -4*c = -m*c - 9. What are the prime factors of c?
3
Let o(z) = -z - 4. Let x be o(-4). Let g = 4 - x. Suppose 18 = g*n - 62. What are the prime factors of n?
2, 5
Let d(a) = -11*a - 42. Let k be d(-5). Let l(p) = p**2 + 3*p + 3. Let i be l(-3). Suppose 0 = -i*q + k + 29. What are the prime factors of q?
2, 7
Let g(z) = -z - 13. Let v be g(-13). Suppose -5*q - k + 118 = 0, 5*k - 15 + 0 = v. List the prime factors of q.
23
Suppose 0 = -5*l + 39 + 31. Suppose -3*j = -j - l. What are the prime factors of j?
7
Suppose 3*a = -2*k + k + 5, -k = -2*a + 5. Suppose 2*u = -s + 7*u + 27, 16 = -a*s - 4*u. Suppose 5*i - 2 = 3, 4*i - 22 = -s*v. What are the prime factors of v?
3
Suppose 2 + 3 = t. Let q = t + 13. List the prime factors of q.
2, 3
Let u = -18 - -53. What are the prime factors of u?
5, 7
Suppose 2*j - 10 = 0, -4*k + 0*j = -j - 91. List the prime factors of k.
2, 3
Suppose 2*p + 4 = 2. Let j = p - -5. Suppose -4*m = t - 1 - 14, -5*m + 38 = j*t. What are the prime factors of t?
7
Suppose -5*s + 8 = -2*r, -s = 4*r - 2*r - 4. Suppose -13 = -s*x + x. List the prime factors of x.
13
Suppose -3*o - 4*f + 12 = 0, -3*o + 2*f - 6 = -6*o. Let d = o + 2. List the prime factors of d.
2
Suppose 10*m = -7*m + 1989. List the prime factors of m.
3, 13
Suppose -76 + 16 = -l. Suppose 4*x = l - 0. What are the prime factors of x?
3, 5
Suppose -x = 2*s + 8, 22 = -4*s + 3*s + 4*x. Let i = -42 + 44. What are the prime factors of (8/s)/(i/(-9))?
2, 3
Let l(b) = b**3 - 7*b**2 + 7*b - 3. Suppose 0 = 2*n + 2*n + 40. Let a be 105/14*(-8)/n. What are the prime factors of l(a)?
3
Let o = -6 - 0. Let i = 0 - o. Suppose i*j - 20 = j. List the prime factors of j.
2
Let f(i) = 12*i + 8. What are the prime factors of f(9)?
2, 29
Let h(k) = -277*k**3 - 3*k**2 - 3*k - 1. List the prime factors of h(-1).
2, 3, 23
Suppose 521 = 3*w + 164. What are the prime factors of w?
7, 17
Let j(g) = g**3 - 4*g**2 - g + 4. Let u be j(4). Suppose 75 = -u*a + 5*a - z, 25 = 5*z. What are the prime factors of a?
2
Let c(s) = -s**2 - 7*s - 7. Let q be c(-5). List the prime factors of 2 - q - 2*-9.
17
What are the prime factors of 44 - -3 - (-1 - -5)?
43
Let u(c) = -c + 7. Let q be u(7). Let f(d) = -d**2 + d + 19. What are the prime factors of f(q)?
19
Suppose a = -5*m - 23, 0 = -0*a - 2*a - 4*m - 16. Suppose -f - a*f = -27. List the prime factors of f.
3
What are the prime factors of 8/(-36) - (-166)/18?
3
Let p = 58 + -89. Let b = -17 - p. List the prime factors of b.
2, 7
Let f = 5 - 3. Suppose 0 = -f*p + 4 + 24. List the prime factors of p.
2, 7
Suppose 30 = 2*o - 3*o. Let y = o + 42. What are the prime factors of -14*(-3)/y*2?
7
Let s(a) = -a + 2. Let y be s(-2). Suppose 5*w - 11 = -4*g, w = -y*g - 6 + 37. What are the prime factors of g?
3
Let s = -22 + 40. Suppose 4*r = -0*o - 2*o + 2, 5*o - s = 3*r. Suppose -3*y + 18 - 3 = o*x, 0 = 4*y + 2*x - 14. What are the prime factors of y?
2
Let h be -1 + (-2)/1 + 1. List the prime factors of ((-1)/1)/h*22.
11
Suppose 0*c = -3*c + 60. Suppose -2*o = -7*o + c. Suppose 2*j = -4*d - 4, -14 = -2*j + o*d + d. List the prime factors of j.
2
Suppose 4*q + 2*u - 155 = 3*q, -5*q + 3*u = -723. List the prime factors of q.
3, 7
Suppose -4*t - 12 = -t, l + 24 = -4*t. Let d(q) be the second derivative of -q**4/12 - 3*q**3/2 + 2*q**2 + q. List the prime factors of d(l).
2, 3
Let x(v) = 8*v + 3. Let s(i) = 15*i + 6. Let g(u) = -3*s(u) + 7*x(u). Let k be g(-3). Let y = k - -45. What are the prime factors of y?
3, 5
Let d be -2 - -1*(1 - -6). Suppose d*j = j + 16. Suppose 2*a = -a - 3, -4*k + 12 = j*a. List the prime factors of k.
2
Let s(i) = -i - 1 - 6*i**3 - 3*i**2 + 4*i**3 + i**3. Let m be s(-4). Suppose m = 5*u - 11. What are the prime factors of u?
2, 3
Let p(n) = n**2 + 6*n - 9. Let q be p(-7). Let a(y) = -5*y**3 - 2*y**2 + y. What are the prime factors of a(q)?
2, 3, 5
Let f be (-6)/((-3)/(-1))*-1. Suppose 0 = 5*w - 15, -f*z + 3*w - 34 = -z. What are the prime factors of z/(-2)*(-12)/(-15)?
2, 5
Suppose 2*t - 37 = z - 14, -4*t + 5*z = -43. List the prime factors of t.
2, 3
Suppose 79 = -2*p + 293. What are the prime factors of p?
107
Let k(t) = t**3 + 5*t**2 - 7*t - 6. Let m be k(-6). Suppose -32 = -2*o - 4*h, 0 = 5*o - 4*h - m*h - 24. What are the prime factors of o?
2
Suppose -5*s = -5*r - 915, 5*s - 3*r - 875 = -6*r. What are the prime factors of s?
2, 89
Let b be 7/4 - (-9)/36. Let x = 4 + b. List the prime factors of x.
2, 3
Let j(p) = -p**2 + 25. Let n be 9/(-3 - 0) + 3. List the prime factors of j(n).
5
Suppose -3*b - 6 = -3*n, -2 = 3*n - 5*n. Let r = b + 3. What are the prime factors of r?
2
Let c(l) = -l**3 + l**2 + 2*l + 1. Let m be c(2). Let d be 2*((-5)/(-2) - 0). What are the prime factors of (d/(-2))/(m/(-6))?
3, 5
Let h(w) = w**3 + 3*w**2 - 3*w + 3. Let u be h(-4). Let s(x) = 18*x. Let z be s(u). Let k = 26 + z. List the prime factors of k.
2
Suppose 0 = -2*u + 5 - 25. Let j(s) = s**2 + 9*s + 9. What are the prime factors of j(u)?
19
Let l be 2/((-4)/2) + 0. Let k = 10 + l. List the prime factors of k.
3
Suppose -3*m + 0*m = -6. Let j be (-98)/(-7)*1/m. Let d = j - 4. What are the prime factors of d?
3
Let b = -19 + 22. Suppose 0*n = b*n - 81. List the prime factors of n.
3
Let r be ((-3)/(-1))/(4/4). Let p(a) be the second derivative of a**5/20 - a**4/6 - a**2/2 - 2*a. What are the prime factors of p(r)?
2
What are the prime factors of 122/2 + (-4 - -5)?
2, 31
Let d(q) = -q. Let n be d(-6). Let z = n - 4. Suppose r = -2